{"id":1104,"date":"2023-09-20T09:32:40","date_gmt":"2023-09-20T09:32:40","guid":{"rendered":"https:\/\/relaunch23.abopr.de\/?post_type=team-member&#038;p=1104"},"modified":"2024-02-06T07:53:57","modified_gmt":"2024-02-06T07:53:57","slug":"stephan-gebhardt-seele","status":"publish","type":"team-member","link":"https:\/\/www.abopr.de\/de\/team-member\/stephan-gebhardt-seele\/","title":{"rendered":"Stephan Gebhardt-Seele"},"content":{"rendered":"<p>Mit \u00fcber 30 Jahren Marketingerfahrung ist Stephan das Herz der Agentur und hat stets ein offenes Ohr f\u00fcr jede:n. Der Musiker in ihm sorgt daf\u00fcr, dass schiefe T\u00f6ne die Ausnahme bleiben und das operative Gesch\u00e4ft stets harmoniert.<\/p>","protected":false},"featured_media":7948,"template":"","meta":{"site-sidebar-layout":"default","site-content-layout":"","ast-site-content-layout":"","site-content-style":"default","site-sidebar-style":"default","ast-global-header-display":"","ast-banner-title-visibility":"","ast-main-header-display":"","ast-hfb-above-header-display":"","ast-hfb-below-header-display":"","ast-hfb-mobile-header-display":"","site-post-title":"","ast-breadcrumbs-content":"","ast-featured-img":"","footer-sml-layout":"","theme-transparent-header-meta":"","adv-header-id-meta":"","stick-header-meta":"","header-above-stick-meta":"","header-main-stick-meta":"","header-below-stick-meta":"","astra-migrate-meta-layouts":""},"tags":[],"class_list":["post-1104","team-member","type-team-member","status-publish","has-post-thumbnail","hentry"],"acf":[],"yoast_head":"<!-- This site is optimized with the Yoast SEO plugin v21.3 - https:\/\/yoast.com\/wordpress\/plugins\/seo\/ -->\n<title>Stephan Gebhardt-Seele - ABOPR<\/title>\n<meta name=\"robots\" content=\"index, follow, max-snippet:-1, max-image-preview:large, max-video-preview:-1\" \/>\n<link rel=\"canonical\" href=\"https:\/\/www.abopr.de\/de\/team-member\/stephan-gebhardt-seele\/\" \/>\n<meta property=\"og:locale\" content=\"de_DE\" \/>\n<meta property=\"og:type\" content=\"article\" \/>\n<meta property=\"og:title\" content=\"Stephan Gebhardt-Seele - ABOPR\" \/>\n<meta property=\"og:description\" content=\"With over 30 years of marketing experience, Stephan is the beating heart of the agency and always has a sympathetic ear for everyone. His musical nature helps him smooth out off-key notes and keep the operational business in harmony.\" \/>\n<meta property=\"og:url\" content=\"https:\/\/www.abopr.de\/de\/team-member\/stephan-gebhardt-seele\/\" \/>\n<meta property=\"og:site_name\" content=\"ABOPR\" \/>\n<meta property=\"article:modified_time\" content=\"2024-02-06T07:53:57+00:00\" \/>\n<meta property=\"og:image\" content=\"https:\/\/www.abopr.de\/wp-content\/uploads\/2023\/09\/Stephan_Gebhardt-Seele_site.jpg\" \/>\n\t<meta property=\"og:image:width\" content=\"424\" \/>\n\t<meta property=\"og:image:height\" content=\"520\" \/>\n\t<meta property=\"og:image:type\" content=\"image\/jpeg\" \/>\n<meta name=\"twitter:card\" content=\"summary_large_image\" \/>\n<meta name=\"twitter:label1\" content=\"Gesch\u00e4tzte Lesezeit\" \/>\n\t<meta name=\"twitter:data1\" content=\"1\u00a0Minute\" \/>\n<script type=\"application\/ld+json\" class=\"yoast-schema-graph\">{\"@context\":\"https:\/\/schema.org\",\"@graph\":[{\"@type\":\"WebPage\",\"@id\":\"https:\/\/www.abopr.de\/team-member\/stephan-gebhardt-seele\/\",\"url\":\"https:\/\/www.abopr.de\/team-member\/stephan-gebhardt-seele\/\",\"name\":\"Stephan Gebhardt-Seele - ABOPR\",\"isPartOf\":{\"@id\":\"https:\/\/www.abopr.de\/#website\"},\"datePublished\":\"2023-09-20T09:32:40+00:00\",\"dateModified\":\"2024-02-06T07:53:57+00:00\",\"breadcrumb\":{\"@id\":\"https:\/\/www.abopr.de\/team-member\/stephan-gebhardt-seele\/#breadcrumb\"},\"inLanguage\":\"de\",\"potentialAction\":[{\"@type\":\"ReadAction\",\"target\":[\"https:\/\/www.abopr.de\/team-member\/stephan-gebhardt-seele\/\"]}]},{\"@type\":\"BreadcrumbList\",\"@id\":\"https:\/\/www.abopr.de\/team-member\/stephan-gebhardt-seele\/#breadcrumb\",\"itemListElement\":[{\"@type\":\"ListItem\",\"position\":1,\"name\":\"Home\",\"item\":\"https:\/\/www.abopr.de\/\"},{\"@type\":\"ListItem\",\"position\":2,\"name\":\"Stephan Gebhardt-Seele\"}]},{\"@type\":\"WebSite\",\"@id\":\"https:\/\/www.abopr.de\/#website\",\"url\":\"https:\/\/www.abopr.de\/\",\"name\":\"ABOPR\",\"description\":\"\",\"publisher\":{\"@id\":\"https:\/\/www.abopr.de\/#organization\"},\"potentialAction\":[{\"@type\":\"SearchAction\",\"target\":{\"@type\":\"EntryPoint\",\"urlTemplate\":\"https:\/\/www.abopr.de\/?s={search_term_string}\"},\"query-input\":\"required name=search_term_string\"}],\"inLanguage\":\"de\"},{\"@type\":\"Organization\",\"@id\":\"https:\/\/www.abopr.de\/#organization\",\"name\":\"ABOPR\",\"url\":\"https:\/\/www.abopr.de\/\",\"logo\":{\"@type\":\"ImageObject\",\"inLanguage\":\"de\",\"@id\":\"https:\/\/www.abopr.de\/#\/schema\/logo\/image\/\",\"url\":\"https:\/\/www.abopr.de\/wp-content\/uploads\/2023\/09\/logo_abopr_pos_digital-alb.png\",\"contentUrl\":\"https:\/\/www.abopr.de\/wp-content\/uploads\/2023\/09\/logo_abopr_pos_digital-alb.png\",\"width\":970,\"height\":370,\"caption\":\"ABOPR\"},\"image\":{\"@id\":\"https:\/\/www.abopr.de\/#\/schema\/logo\/image\/\"}}]}<\/script>\n<!-- \/ Yoast SEO plugin. -->","yoast_head_json":{"title":"Stephan Gebhardt-Seele - ABOPR","robots":{"index":"index","follow":"follow","max-snippet":"max-snippet:-1","max-image-preview":"max-image-preview:large","max-video-preview":"max-video-preview:-1"},"canonical":"https:\/\/www.abopr.de\/de\/team-member\/stephan-gebhardt-seele\/","og_locale":"de_DE","og_type":"article","og_title":"Stephan Gebhardt-Seele - ABOPR","og_description":"With over 30 years of marketing experience, Stephan is the beating heart of the agency and always has a sympathetic ear for everyone. His musical nature helps him smooth out off-key notes and keep the operational business in harmony.","og_url":"https:\/\/www.abopr.de\/de\/team-member\/stephan-gebhardt-seele\/","og_site_name":"ABOPR","article_modified_time":"2024-02-06T07:53:57+00:00","og_image":[{"width":424,"height":520,"url":"https:\/\/www.abopr.de\/wp-content\/uploads\/2023\/09\/Stephan_Gebhardt-Seele_site.jpg","type":"image\/jpeg"}],"twitter_card":"summary_large_image","twitter_misc":{"Gesch\u00e4tzte Lesezeit":"1\u00a0Minute"},"schema":{"@context":"https:\/\/schema.org","@graph":[{"@type":"WebPage","@id":"https:\/\/www.abopr.de\/team-member\/stephan-gebhardt-seele\/","url":"https:\/\/www.abopr.de\/team-member\/stephan-gebhardt-seele\/","name":"Stephan Gebhardt-Seele - ABOPR","isPartOf":{"@id":"https:\/\/www.abopr.de\/#website"},"datePublished":"2023-09-20T09:32:40+00:00","dateModified":"2024-02-06T07:53:57+00:00","breadcrumb":{"@id":"https:\/\/www.abopr.de\/team-member\/stephan-gebhardt-seele\/#breadcrumb"},"inLanguage":"de","potentialAction":[{"@type":"ReadAction","target":["https:\/\/www.abopr.de\/team-member\/stephan-gebhardt-seele\/"]}]},{"@type":"BreadcrumbList","@id":"https:\/\/www.abopr.de\/team-member\/stephan-gebhardt-seele\/#breadcrumb","itemListElement":[{"@type":"ListItem","position":1,"name":"Home","item":"https:\/\/www.abopr.de\/"},{"@type":"ListItem","position":2,"name":"Stephan Gebhardt-Seele"}]},{"@type":"WebSite","@id":"https:\/\/www.abopr.de\/#website","url":"https:\/\/www.abopr.de\/","name":"ABOPR","description":"","publisher":{"@id":"https:\/\/www.abopr.de\/#organization"},"potentialAction":[{"@type":"SearchAction","target":{"@type":"EntryPoint","urlTemplate":"https:\/\/www.abopr.de\/?s={search_term_string}"},"query-input":"required name=search_term_string"}],"inLanguage":"de"},{"@type":"Organization","@id":"https:\/\/www.abopr.de\/#organization","name":"ABOPR","url":"https:\/\/www.abopr.de\/","logo":{"@type":"ImageObject","inLanguage":"de","@id":"https:\/\/www.abopr.de\/#\/schema\/logo\/image\/","url":"https:\/\/www.abopr.de\/wp-content\/uploads\/2023\/09\/logo_abopr_pos_digital-alb.png","contentUrl":"https:\/\/www.abopr.de\/wp-content\/uploads\/2023\/09\/logo_abopr_pos_digital-alb.png","width":970,"height":370,"caption":"ABOPR"},"image":{"@id":"https:\/\/www.abopr.de\/#\/schema\/logo\/image\/"}}]}},"_links":{"self":[{"href":"https:\/\/www.abopr.de\/de\/wp-json\/wp\/v2\/team-member\/1104","targetHints":{"allow":["GET"]}}],"collection":[{"href":"https:\/\/www.abopr.de\/de\/wp-json\/wp\/v2\/team-member"}],"about":[{"href":"https:\/\/www.abopr.de\/de\/wp-json\/wp\/v2\/types\/team-member"}],"wp:featuredmedia":[{"embeddable":true,"href":"https:\/\/www.abopr.de\/de\/wp-json\/wp\/v2\/media\/7948"}],"wp:attachment":[{"href":"https:\/\/www.abopr.de\/de\/wp-json\/wp\/v2\/media?parent=1104"}],"wp:term":[{"taxonomy":"post_tag","embeddable":true,"href":"https:\/\/www.abopr.de\/de\/wp-json\/wp\/v2\/tags?post=1104"}],"curies":[{"name":"wp","href":"https:\/\/api.w.org\/{rel}","templated":true}]}}

<p>Mit über 30 Jahren Marketingerfahrung ist Stephan das Herz der Agentur und hat stets ein offenes Ohr für jede:n. Der Musiker in ihm sorgt dafür, dass schiefe Töne die Ausnahme bleiben und das operative Geschäft stets harmoniert.</p>

<!-- This site is optimized with the Yoast SEO plugin v21.3 - https://yoast.com/wordpress/plugins/seo/ -->
<title>Stephan Gebhardt-Seele - ABOPR</title>
<meta name="robots" content="index, follow, max-snippet:-1, max-image-preview:large, max-video-preview:-1" />
<link rel="canonical" href="https://www.abopr.de/de/team-member/stephan-gebhardt-seele/" />
<meta property="og:locale" content="de_DE" />
<meta property="og:type" content="article" />
<meta property="og:title" content="Stephan Gebhardt-Seele - ABOPR" />
<meta property="og:description" content="With over 30 years of marketing experience, Stephan is the beating heart of the agency and always has a sympathetic ear for everyone. His musical nature helps him smooth out off-key notes and keep the operational business in harmony." />
<meta property="og:url" content="https://www.abopr.de/de/team-member/stephan-gebhardt-seele/" />
<meta property="og:site_name" content="ABOPR" />
<meta property="article:modified_time" content="2024-02-06T07:53:57+00:00" />
<meta property="og:image" content="https://www.abopr.de/wp-content/uploads/2023/09/Stephan_Gebhardt-Seele_site.jpg" />
	<meta property="og:image:width" content="424" />
	<meta property="og:image:height" content="520" />
	<meta property="og:image:type" content="image/jpeg" />
<meta name="twitter:card" content="summary_large_image" />
<meta name="twitter:label1" content="Geschätzte Lesezeit" />
	<meta name="twitter:data1" content="1 Minute" />
<script type="application/ld+json" class="yoast-schema-graph">{"@context":"https://schema.org","@graph":[{"@type":"WebPage","@id":"https://www.abopr.de/team-member/stephan-gebhardt-seele/","url":"https://www.abopr.de/team-member/stephan-gebhardt-seele/","name":"Stephan Gebhardt-Seele - ABOPR","isPartOf":{"@id":"https://www.abopr.de/#website"},"datePublished":"2023-09-20T09:32:40+00:00","dateModified":"2024-02-06T07:53:57+00:00","breadcrumb":{"@id":"https://www.abopr.de/team-member/stephan-gebhardt-seele/#breadcrumb"},"inLanguage":"de","potentialAction":[{"@type":"ReadAction","target":["https://www.abopr.de/team-member/stephan-gebhardt-seele/"]}]},{"@type":"BreadcrumbList","@id":"https://www.abopr.de/team-member/stephan-gebhardt-seele/#breadcrumb","itemListElement":[{"@type":"ListItem","position":1,"name":"Home","item":"https://www.abopr.de/"},{"@type":"ListItem","position":2,"name":"Stephan Gebhardt-Seele"}]},{"@type":"WebSite","@id":"https://www.abopr.de/#website","url":"https://www.abopr.de/","name":"ABOPR","description":"","publisher":{"@id":"https://www.abopr.de/#organization"},"potentialAction":[{"@type":"SearchAction","target":{"@type":"EntryPoint","urlTemplate":"https://www.abopr.de/?s={search_term_string}"},"query-input":"required name=search_term_string"}],"inLanguage":"de"},{"@type":"Organization","@id":"https://www.abopr.de/#organization","name":"ABOPR","url":"https://www.abopr.de/","logo":{"@type":"ImageObject","inLanguage":"de","@id":"https://www.abopr.de/#/schema/logo/image/","url":"https://www.abopr.de/wp-content/uploads/2023/09/logo_abopr_pos_digital-alb.png","contentUrl":"https://www.abopr.de/wp-content/uploads/2023/09/logo_abopr_pos_digital-alb.png","width":970,"height":370,"caption":"ABOPR"},"image":{"@id":"https://www.abopr.de/#/schema/logo/image/"}}]}</script>
<!-- / Yoast SEO plugin. -->
